{"id":47586,"date":"2026-04-08T06:24:14","date_gmt":"2026-04-08T06:24:14","guid":{"rendered":"https:\/\/eurofitness.com\/cursos\/extraescolars-viladecans-26-27\/"},"modified":"2026-04-17T12:07:04","modified_gmt":"2026-04-17T12:07:04","slug":"extraescolars-viladecans-26-27","status":"publish","type":"courses","link":"https:\/\/eurofitness.com\/es\/cursos\/extraescolars-viladecans-26-27\/","title":{"rendered":"Extraescolars Viladecans 26\/27"},"content":{"rendered":"\n<p class=\"has-text-align-center\">Els preus mostrats s\u00f3n trimestrals, excepte p\u00e0del que s\u00f3n mensuals. La matr\u00edcula t\u00e9 un cost de 15\u202f\u20ac.<\/p>\n\n\n\n<div style=\"height:100px\" aria-hidden=\"true\" class=\"wp-block-spacer\"><\/div>\n\n\n\n<h2 class=\"wp-block-heading has-text-align-center\">Dates importants<\/h2>\n\n\n\n<div style=\"height:40px\" aria-hidden=\"true\" class=\"wp-block-spacer\"><\/div>\n\n\n\n<div class=\"wp-block-columns is-layout-flex wp-container-core-columns-is-layout-9d6595d7 wp-block-columns-is-layout-flex\">\n<div class=\"wp-block-column is-layout-flow wp-block-column-is-layout-flow\">\n<h3 class=\"wp-block-heading\">Nataci\u00f3<\/h3>\n\n\n\n<div style=\"height:14px\" aria-hidden=\"true\" class=\"wp-block-spacer\"><\/div>\n\n\n\n<figure class=\"wp-block-table is-style-stripes has-body-md-font-size\"><table class=\"has-fixed-layout\"><tbody><tr><td><strong>29 de setembre<\/strong><\/td><td>Inici 1r trimestre<\/td><\/tr><tr><td><strong>8 de desembre<\/strong><\/td><td>Festiu<\/td><\/tr><tr><td><strong>Del 15 al 20 de desembre<\/strong><\/td><td>Portes obertes<\/td><\/tr><tr><td><strong>20 de desembre<\/strong><\/td><td>Final 1r trimestre<\/td><\/tr><tr><td><strong>del 22 de desembre al 7 de gener<\/strong><\/td><td>Vacances de Nadal<\/td><\/tr><tr><td><strong>8 de gener<\/strong><\/td><td>Inici 2n trimestre<\/td><\/tr><tr><td><strong>Del 9 al 13 de febrer<\/strong><\/td><td>Aquas\u00e8ries<\/td><\/tr><tr><td><strong>28 de mar\u00e7<\/strong><\/td><td>Final 2n trimestre<\/td><\/tr><tr><td><strong>Del 30 de mar\u00e7 al 6 d&#8217;abril<\/strong><\/td><td>Vacances de Setmana Santa<\/td><\/tr><tr><td><strong>7 d&#8217;abril<\/strong><\/td><td>Inici 3r trimestre<\/td><\/tr><tr><td><strong>1 de maig<\/strong><\/td><td>Festiu<\/td><\/tr><tr><td><strong>Del 25 al 30 de maig<\/strong><\/td><td>Fam\u00edlies a l&#8217;aigua<\/td><\/tr><tr><td><strong>8 de juny<\/strong><\/td><td>Festiu<\/td><\/tr><tr><td><strong>20 de juny<\/strong><\/td><td>Final 3r trimestre<\/td><\/tr><\/tbody><\/table><\/figure>\n<\/div>\n\n\n\n<div class=\"wp-block-column is-layout-flow wp-block-column-is-layout-flow\">\n<h3 class=\"wp-block-heading\">Dance<\/h3>\n\n\n\n<div style=\"height:14px\" aria-hidden=\"true\" class=\"wp-block-spacer\"><\/div>\n\n\n\n<figure class=\"wp-block-table is-style-stripes has-body-md-font-size\"><table class=\"has-fixed-layout\"><tbody><tr><td><strong>28 de setembre<\/strong><\/td><td>Inici 1r trimestre<\/td><\/tr><tr><td><strong>8 de desembre<\/strong><\/td><td>Festiu<\/td><\/tr><tr><td><strong>16 de desembre<\/strong><\/td><td>Ens disfrassem<\/td><\/tr><tr><td><strong>18<\/strong> <strong>de desembre<\/strong><\/td><td>Final 1r trimestre<\/td><\/tr><tr><td><strong>del 21 de desembre al 7 de gener<\/strong><\/td><td>Vacances de Nadal<\/td><\/tr><tr><td><strong>8 de gener<\/strong><\/td><td>Inici 2n trimestre<\/td><\/tr><tr><td><strong>25 de mar\u00e7<\/strong><\/td><td>Porta un amic<\/td><\/tr><tr><td><strong>26 de mar\u00e7<\/strong><\/td><td>Final 2n trimestre<\/td><\/tr><tr><td><strong>Del 26 d&#8217;abril al 2 de maig<\/strong><\/td><td>Vacances de Setmana Santa<\/td><\/tr><tr><td><strong>3 de maig<\/strong><\/td><td>Inici 3r trimestre<\/td><\/tr><tr><td><strong>27 de maig<\/strong><\/td><td>Festiu<\/td><\/tr><tr><td><strong>9 de juny<\/strong><\/td><td>Festival<\/td><\/tr><tr><td><strong>8 de juny<\/strong><\/td><td>Festiu<\/td><\/tr><tr><td><strong>18 de juny<\/strong><\/td><td>Final 3r trimestre<\/td><\/tr><\/tbody><\/table><\/figure>\n<\/div>\n\n\n\n<div class=\"wp-block-column is-layout-flow wp-block-column-is-layout-flow\">\n<h3 class=\"wp-block-heading\">Patinatge<\/h3>\n\n\n\n<div style=\"height:14px\" aria-hidden=\"true\" class=\"wp-block-spacer\"><\/div>\n\n\n\n<figure class=\"wp-block-table is-style-stripes has-body-md-font-size\"><table class=\"has-fixed-layout\"><tbody><tr><td><strong>28 de setembre<\/strong><\/td><td>Inici 1r trimestre<\/td><\/tr><tr><td><strong>8 de desembre<\/strong><\/td><td>Festiu<\/td><\/tr><tr><td><strong>15 de desembre<\/strong><\/td><td>Visita de les fam\u00edlies<\/td><\/tr><tr><td><strong>18 de desembre<\/strong><\/td><td>Final 1r trimestre<\/td><\/tr><tr><td><strong>del 21 de desembre al 7 de gener<\/strong><\/td><td>Vacances de Nadal<\/td><\/tr><tr><td><strong>8 de gener<\/strong><\/td><td>Inici 2n trimestre<\/td><\/tr><tr><td><strong>23 de mar\u00e7<\/strong><\/td><td>Porta un amic<\/td><\/tr><tr><td><strong>26 de mar\u00e7<\/strong><\/td><td>Final 2n trimestre<\/td><\/tr><tr><td><strong>Del 26 d&#8217;abril al 2 de maig<\/strong><\/td><td>Vacances de Setmana Santa<\/td><\/tr><tr><td><strong>3 de maig<\/strong><\/td><td>Inici 3r trimestre<\/td><\/tr><tr><td><strong>27 de maig<\/strong><\/td><td>Festiu<\/td><\/tr><tr><td><strong>9 de juny<\/strong><\/td><td>Anem a l&#8217;aigua<\/td><\/tr><tr><td><strong>8 de juny<\/strong><\/td><td>Festiu<\/td><\/tr><tr><td><strong>18 de juny<\/strong><\/td><td>Final 3r trimestre<\/td><\/tr><\/tbody><\/table><\/figure>\n<\/div>\n<\/div>\n\n\n\n<div class=\"wp-block-columns is-layout-flex wp-container-core-columns-is-layout-9d6595d7 wp-block-columns-is-layout-flex\">\n<div class=\"wp-block-column is-layout-flow wp-block-column-is-layout-flow\">\n<h3 class=\"wp-block-heading\">Psicomotricitat<\/h3>\n\n\n\n<div style=\"height:14px\" aria-hidden=\"true\" class=\"wp-block-spacer\"><\/div>\n\n\n\n<figure class=\"wp-block-table is-style-stripes has-body-md-font-size\"><table class=\"has-fixed-layout\"><tbody><tr><td><strong>29 de setembre<\/strong><\/td><td>Inici 1r trimestre<\/td><\/tr><tr><td><strong>8 de desembre<\/strong><\/td><td>Festiu<\/td><\/tr><tr><td><strong>11 de desembre<\/strong><\/td><td>Taller de Nadal<\/td><\/tr><tr><td><strong>20 de desembre<\/strong><\/td><td>Final 1r trimestre<\/td><\/tr><tr><td><strong>del 22 de desembre al 7 de gener<\/strong><\/td><td>Vacances de Nadal<\/td><\/tr><tr><td><strong>8 de gener<\/strong><\/td><td>Inici 2n trimestre<\/td><\/tr><tr><td><strong>26 de mar\u00e7<\/strong><\/td><td>Porta un amic<\/td><\/tr><tr><td><strong>28 de mar\u00e7<\/strong><\/td><td>Final 2n trimestre<\/td><\/tr><tr><td><strong>Del 30 de mar\u00e7 al 6 d&#8217;abril<\/strong><\/td><td>Vacances de Setmana Santa<\/td><\/tr><tr><td><strong>7 d&#8217;abril<\/strong><\/td><td>Inici 3r trimestre<\/td><\/tr><tr><td><strong>1 de maig<\/strong><\/td><td>Festiu<\/td><\/tr><tr><td><strong>11 de juny<\/strong><\/td><td>Al camp exterior<\/td><\/tr><tr><td><strong>8 de juny<\/strong><\/td><td>Festiu<\/td><\/tr><tr><td><strong>20 de juny<\/strong><\/td><td>Final 3r trimestre<\/td><\/tr><\/tbody><\/table><\/figure>\n<\/div>\n\n\n\n<div class=\"wp-block-column is-layout-flow wp-block-column-is-layout-flow\">\n<h3 class=\"wp-block-heading\">P\u00e0del<\/h3>\n\n\n\n<div style=\"height:14px\" aria-hidden=\"true\" class=\"wp-block-spacer\"><\/div>\n\n\n\n<figure class=\"wp-block-table is-style-stripes has-body-md-font-size\"><table class=\"has-fixed-layout\"><tbody><tr><td><strong>28 de setembre<\/strong><\/td><td>Inici 1r trimestre<\/td><\/tr><tr><td><strong>del 14 al 18 de desembre<\/strong><\/td><td>padel&amp;family<\/td><\/tr><tr><td><strong>18 desembre<\/strong><\/td><td>final 1r trimestre<\/td><\/tr><tr><td><strong>del 21 de desembre al 7 de gener<\/strong><\/td><td>Vacances de Nadal<\/td><\/tr><tr><td><strong>8 de gener<\/strong><\/td><td>Inici 2n trimestre<\/td><\/tr><tr><td><strong>setmana del 8 al 12 febrer<\/strong><\/td><td>Porta un amic<\/td><\/tr><tr><td><strong>26 de mar\u00e7<\/strong><\/td><td>Final 2n trimestre<\/td><\/tr><tr><td><strong>del 22 al 29 de mar\u00e7<\/strong><\/td><td>Vacances de Setmana Santa<\/td><\/tr><tr><td><strong>29 mar\u00e7<\/strong><\/td><td>Inici 3r trimestre<\/td><\/tr><tr><td><strong>setmana del 14 al 18 de juny<\/strong><\/td><td>padel&amp;relax<\/td><\/tr><tr><td><strong>18 de juny<\/strong><\/td><td>Festival<\/td><\/tr><\/tbody><\/table><\/figure>\n<\/div>\n\n\n\n<div class=\"wp-block-column is-layout-flow wp-block-column-is-layout-flow\">\n<h3 class=\"wp-block-heading\">Multiesport<\/h3>\n\n\n\n<div style=\"height:14px\" aria-hidden=\"true\" class=\"wp-block-spacer\"><\/div>\n\n\n\n<figure class=\"wp-block-table is-style-stripes has-body-md-font-size\"><table class=\"has-fixed-layout\"><tbody><tr><td><strong>28 de setembre<\/strong><\/td><td>Inici 1r trimestre<\/td><\/tr><tr><td><strong>8 de desembre<\/strong><\/td><td>Festiu<\/td><\/tr><tr><td><strong>10 de desembre<\/strong><\/td><td>Esport en fam\u00edlia<\/td><\/tr><tr><td><strong>18 de desembre<\/strong><\/td><td>Final 1r trimestre<\/td><\/tr><tr><td><strong>del 21 de desembre al 7 de gener<\/strong><\/td><td>Vacances de Nadal<\/td><\/tr><tr><td><strong>8 de gener<\/strong><\/td><td>Inici 2n trimestre<\/td><\/tr><tr><td><strong>25 de mar\u00e7<\/strong><\/td><td>Porta un amic<\/td><\/tr><tr><td><strong>26 de mar\u00e7<\/strong><\/td><td>Final 2n trimestre<\/td><\/tr><tr><td><strong>Del 26 d&#8217;abril al 2 de maig<\/strong><\/td><td>Vacances de Setmana Santa<\/td><\/tr><tr><td><strong>3 de maig<\/strong><\/td><td>Inici 3r trimestre<\/td><\/tr><tr><td><strong>27 de maig<\/strong><\/td><td>Festiu<\/td><\/tr><tr><td><strong>10 de juny<\/strong><\/td><td>Al camp exterior<\/td><\/tr><tr><td><strong>8 de juny<\/strong><\/td><td>Festiu<\/td><\/tr><tr><td><strong>18 de juny<\/strong><\/td><td>Final 3r trimestre<\/td><\/tr><\/tbody><\/table><\/figure>\n<\/div>\n<\/div>\n\n\n\n<div style=\"height:100px\" aria-hidden=\"true\" class=\"wp-block-spacer\"><\/div>\n","protected":false},"excerpt":{"rendered":"<p>Els preus mostrats s\u00f3n trimestrals, excepte p\u00e0del que s\u00f3n mensuals. La matr\u00edcula t\u00e9 un cost de 15\u202f\u20ac. Dates importants Nataci\u00f3&#8230;<\/p>\n","protected":false},"author":2,"featured_media":45003,"parent":0,"menu_order":0,"template":"","courses_category":[],"class_list":["post-47586","courses","type-courses","status-publish","has-post-thumbnail","hentry"],"acf":[],"_links":{"self":[{"href":"https:\/\/eurofitness.com\/es\/wp-json\/wp\/v2\/courses\/47586","targetHints":{"allow":["GET"]}}],"collection":[{"href":"https:\/\/eurofitness.com\/es\/wp-json\/wp\/v2\/courses"}],"about":[{"href":"https:\/\/eurofitness.com\/es\/wp-json\/wp\/v2\/types\/courses"}],"author":[{"embeddable":true,"href":"https:\/\/eurofitness.com\/es\/wp-json\/wp\/v2\/users\/2"}],"wp:featuredmedia":[{"embeddable":true,"href":"https:\/\/eurofitness.com\/es\/wp-json\/wp\/v2\/media\/45003"}],"wp:attachment":[{"href":"https:\/\/eurofitness.com\/es\/wp-json\/wp\/v2\/media?parent=47586"}],"wp:term":[{"taxonomy":"courses_category","embeddable":true,"href":"https:\/\/eurofitness.com\/es\/wp-json\/wp\/v2\/courses_category?post=47586"}],"curies":[{"name":"wp","href":"https:\/\/api.w.org\/{rel}","templated":true}]}}

<p class="has-text-align-center">Els preus mostrats són trimestrals, excepte pàdel que són mensuals. La matrícula té un cost de 15 €.</p>



<div style="height:100px" aria-hidden="true" class="wp-block-spacer"></div>



<h2 class="wp-block-heading has-text-align-center">Dates importants</h2>



<div style="height:40px" aria-hidden="true" class="wp-block-spacer"></div>



<div class="wp-block-columns is-layout-flex wp-container-core-columns-is-layout-9d6595d7 wp-block-columns-is-layout-flex">
<div class="wp-block-column is-layout-flow wp-block-column-is-layout-flow">
<h3 class="wp-block-heading">Natació</h3>



<div style="height:14px" aria-hidden="true" class="wp-block-spacer"></div>



<figure class="wp-block-table is-style-stripes has-body-md-font-size"><table class="has-fixed-layout"><tbody><tr><td><strong>29 de setembre</strong></td><td>Inici 1r trimestre</td></tr><tr><td><strong>8 de desembre</strong></td><td>Festiu</td></tr><tr><td><strong>Del 15 al 20 de desembre</strong></td><td>Portes obertes</td></tr><tr><td><strong>20 de desembre</strong></td><td>Final 1r trimestre</td></tr><tr><td><strong>del 22 de desembre al 7 de gener</strong></td><td>Vacances de Nadal</td></tr><tr><td><strong>8 de gener</strong></td><td>Inici 2n trimestre</td></tr><tr><td><strong>Del 9 al 13 de febrer</strong></td><td>Aquasèries</td></tr><tr><td><strong>28 de març</strong></td><td>Final 2n trimestre</td></tr><tr><td><strong>Del 30 de març al 6 d&#8217;abril</strong></td><td>Vacances de Setmana Santa</td></tr><tr><td><strong>7 d&#8217;abril</strong></td><td>Inici 3r trimestre</td></tr><tr><td><strong>1 de maig</strong></td><td>Festiu</td></tr><tr><td><strong>Del 25 al 30 de maig</strong></td><td>Famílies a l&#8217;aigua</td></tr><tr><td><strong>8 de juny</strong></td><td>Festiu</td></tr><tr><td><strong>20 de juny</strong></td><td>Final 3r trimestre</td></tr></tbody></table></figure>
</div>



<div class="wp-block-column is-layout-flow wp-block-column-is-layout-flow">
<h3 class="wp-block-heading">Dance</h3>



<div style="height:14px" aria-hidden="true" class="wp-block-spacer"></div>



<figure class="wp-block-table is-style-stripes has-body-md-font-size"><table class="has-fixed-layout"><tbody><tr><td><strong>28 de setembre</strong></td><td>Inici 1r trimestre</td></tr><tr><td><strong>8 de desembre</strong></td><td>Festiu</td></tr><tr><td><strong>16 de desembre</strong></td><td>Ens disfrassem</td></tr><tr><td><strong>18</strong> <strong>de desembre</strong></td><td>Final 1r trimestre</td></tr><tr><td><strong>del 21 de desembre al 7 de gener</strong></td><td>Vacances de Nadal</td></tr><tr><td><strong>8 de gener</strong></td><td>Inici 2n trimestre</td></tr><tr><td><strong>25 de març</strong></td><td>Porta un amic</td></tr><tr><td><strong>26 de març</strong></td><td>Final 2n trimestre</td></tr><tr><td><strong>Del 26 d&#8217;abril al 2 de maig</strong></td><td>Vacances de Setmana Santa</td></tr><tr><td><strong>3 de maig</strong></td><td>Inici 3r trimestre</td></tr><tr><td><strong>27 de maig</strong></td><td>Festiu</td></tr><tr><td><strong>9 de juny</strong></td><td>Festival</td></tr><tr><td><strong>8 de juny</strong></td><td>Festiu</td></tr><tr><td><strong>18 de juny</strong></td><td>Final 3r trimestre</td></tr></tbody></table></figure>
</div>



<div class="wp-block-column is-layout-flow wp-block-column-is-layout-flow">
<h3 class="wp-block-heading">Patinatge</h3>



<div style="height:14px" aria-hidden="true" class="wp-block-spacer"></div>



<figure class="wp-block-table is-style-stripes has-body-md-font-size"><table class="has-fixed-layout"><tbody><tr><td><strong>28 de setembre</strong></td><td>Inici 1r trimestre</td></tr><tr><td><strong>8 de desembre</strong></td><td>Festiu</td></tr><tr><td><strong>15 de desembre</strong></td><td>Visita de les famílies</td></tr><tr><td><strong>18 de desembre</strong></td><td>Final 1r trimestre</td></tr><tr><td><strong>del 21 de desembre al 7 de gener</strong></td><td>Vacances de Nadal</td></tr><tr><td><strong>8 de gener</strong></td><td>Inici 2n trimestre</td></tr><tr><td><strong>23 de març</strong></td><td>Porta un amic</td></tr><tr><td><strong>26 de març</strong></td><td>Final 2n trimestre</td></tr><tr><td><strong>Del 26 d&#8217;abril al 2 de maig</strong></td><td>Vacances de Setmana Santa</td></tr><tr><td><strong>3 de maig</strong></td><td>Inici 3r trimestre</td></tr><tr><td><strong>27 de maig</strong></td><td>Festiu</td></tr><tr><td><strong>9 de juny</strong></td><td>Anem a l&#8217;aigua</td></tr><tr><td><strong>8 de juny</strong></td><td>Festiu</td></tr><tr><td><strong>18 de juny</strong></td><td>Final 3r trimestre</td></tr></tbody></table></figure>
</div>
</div>



<div class="wp-block-columns is-layout-flex wp-container-core-columns-is-layout-9d6595d7 wp-block-columns-is-layout-flex">
<div class="wp-block-column is-layout-flow wp-block-column-is-layout-flow">
<h3 class="wp-block-heading">Psicomotricitat</h3>



<div style="height:14px" aria-hidden="true" class="wp-block-spacer"></div>



<figure class="wp-block-table is-style-stripes has-body-md-font-size"><table class="has-fixed-layout"><tbody><tr><td><strong>29 de setembre</strong></td><td>Inici 1r trimestre</td></tr><tr><td><strong>8 de desembre</strong></td><td>Festiu</td></tr><tr><td><strong>11 de desembre</strong></td><td>Taller de Nadal</td></tr><tr><td><strong>20 de desembre</strong></td><td>Final 1r trimestre</td></tr><tr><td><strong>del 22 de desembre al 7 de gener</strong></td><td>Vacances de Nadal</td></tr><tr><td><strong>8 de gener</strong></td><td>Inici 2n trimestre</td></tr><tr><td><strong>26 de març</strong></td><td>Porta un amic</td></tr><tr><td><strong>28 de març</strong></td><td>Final 2n trimestre</td></tr><tr><td><strong>Del 30 de març al 6 d&#8217;abril</strong></td><td>Vacances de Setmana Santa</td></tr><tr><td><strong>7 d&#8217;abril</strong></td><td>Inici 3r trimestre</td></tr><tr><td><strong>1 de maig</strong></td><td>Festiu</td></tr><tr><td><strong>11 de juny</strong></td><td>Al camp exterior</td></tr><tr><td><strong>8 de juny</strong></td><td>Festiu</td></tr><tr><td><strong>20 de juny</strong></td><td>Final 3r trimestre</td></tr></tbody></table></figure>
</div>



<div class="wp-block-column is-layout-flow wp-block-column-is-layout-flow">
<h3 class="wp-block-heading">Pàdel</h3>



<div style="height:14px" aria-hidden="true" class="wp-block-spacer"></div>



<figure class="wp-block-table is-style-stripes has-body-md-font-size"><table class="has-fixed-layout"><tbody><tr><td><strong>28 de setembre</strong></td><td>Inici 1r trimestre</td></tr><tr><td><strong>del 14 al 18 de desembre</strong></td><td>padel&amp;family</td></tr><tr><td><strong>18 desembre</strong></td><td>final 1r trimestre</td></tr><tr><td><strong>del 21 de desembre al 7 de gener</strong></td><td>Vacances de Nadal</td></tr><tr><td><strong>8 de gener</strong></td><td>Inici 2n trimestre</td></tr><tr><td><strong>setmana del 8 al 12 febrer</strong></td><td>Porta un amic</td></tr><tr><td><strong>26 de març</strong></td><td>Final 2n trimestre</td></tr><tr><td><strong>del 22 al 29 de març</strong></td><td>Vacances de Setmana Santa</td></tr><tr><td><strong>29 març</strong></td><td>Inici 3r trimestre</td></tr><tr><td><strong>setmana del 14 al 18 de juny</strong></td><td>padel&amp;relax</td></tr><tr><td><strong>18 de juny</strong></td><td>Festival</td></tr></tbody></table></figure>
</div>



<div class="wp-block-column is-layout-flow wp-block-column-is-layout-flow">
<h3 class="wp-block-heading">Multiesport</h3>



<div style="height:14px" aria-hidden="true" class="wp-block-spacer"></div>



<figure class="wp-block-table is-style-stripes has-body-md-font-size"><table class="has-fixed-layout"><tbody><tr><td><strong>28 de setembre</strong></td><td>Inici 1r trimestre</td></tr><tr><td><strong>8 de desembre</strong></td><td>Festiu</td></tr><tr><td><strong>10 de desembre</strong></td><td>Esport en família</td></tr><tr><td><strong>18 de desembre</strong></td><td>Final 1r trimestre</td></tr><tr><td><strong>del 21 de desembre al 7 de gener</strong></td><td>Vacances de Nadal</td></tr><tr><td><strong>8 de gener</strong></td><td>Inici 2n trimestre</td></tr><tr><td><strong>25 de març</strong></td><td>Porta un amic</td></tr><tr><td><strong>26 de març</strong></td><td>Final 2n trimestre</td></tr><tr><td><strong>Del 26 d&#8217;abril al 2 de maig</strong></td><td>Vacances de Setmana Santa</td></tr><tr><td><strong>3 de maig</strong></td><td>Inici 3r trimestre</td></tr><tr><td><strong>27 de maig</strong></td><td>Festiu</td></tr><tr><td><strong>10 de juny</strong></td><td>Al camp exterior</td></tr><tr><td><strong>8 de juny</strong></td><td>Festiu</td></tr><tr><td><strong>18 de juny</strong></td><td>Final 3r trimestre</td></tr></tbody></table></figure>
</div>
</div>



<div style="height:100px" aria-hidden="true" class="wp-block-spacer"></div>

<p>Els preus mostrats són trimestrals, excepte pàdel que són mensuals. La matrícula té un cost de 15 €. Dates importants Natació&#8230;</p>
