{"id":47557,"date":"2026-04-02T09:14:26","date_gmt":"2026-04-02T09:14:26","guid":{"rendered":"https:\/\/eurofitness.com\/?page_id=47557"},"modified":"2026-04-10T05:16:34","modified_gmt":"2026-04-10T05:16:34","slug":"formacions","status":"publish","type":"page","link":"https:\/\/eurofitness.com\/es\/itaca-26\/formacions\/","title":{"rendered":"Formacions"},"content":{"rendered":"    <section class=\"hero-cover hero-cover-block wp-elements-6cbdce3c16c76becbc6c996938874382 has-neutral-light-color\">\n        <div class=\"hero-cover__wrapper\">\n            \n            <div id=\"\" class=\"page-cover has-thumbnail has-header-shadow banner light-theme  full-width container\">\n                <div class=\"page-cover__container align-items-end\">\n                                            <div class=\"container heading-wrapper\">\n                            <div class=\"row add-row-gap\">\n                                <div class=\"col-12 col-lg-7 col-xl-5\">\n                                    <div class=\"page-cover__heading align-\">\n                                        <div class=\"page-cover__heading-wrapper\">\n\n                                            \n                                            <div class=\"page-cover__heading-headline\">\n                                                <h1 class=\"heading-hero\">\u00cdtaca<\/h1>                                                                                            <\/div>\n\n\n                                            \n                                        <\/div>\n                                                                            <\/div>\n                                <\/div>\n                                                            <\/div>\n                        <\/div>\n                                                                                            <div class=\"container-fluid page-cover-thumbnail__container\">\n                                    <div class=\"parallax-trigger page-cover-thumbnail\" data-magic=\"parallax\">\n        <picture class=\"page-cover__picture parallax-trigger__item\" data-item=\"parallax-item\">\n            <img loading=\"lazy\" decoding=\"async\" width=\"733\" height=\"476\" src=\"https:\/\/eurofitness.com\/app\/uploads\/2026\/01\/iStock-637770668-2.jpg\" class=\"attachment-full size-full\" alt=\"\" srcset=\"https:\/\/eurofitness.com\/app\/uploads\/2026\/01\/iStock-637770668-2.jpg 733w, https:\/\/eurofitness.com\/app\/uploads\/2026\/01\/iStock-637770668-2-300x195.jpg 300w, https:\/\/eurofitness.com\/app\/uploads\/2026\/01\/iStock-637770668-2-360x234.jpg 360w\" sizes=\"auto, (max-width: 733px) 100vw, 733px\" \/>        <\/picture>\n    <\/div>\n                            <\/div>\n                                                            <\/div>\n            <\/div>\n        <\/div>\n    <\/section>\n\n\n<div class=\"wp-bootstrap-blocks-container container custom-block-spacing--small container-custom\">\n\t\n\n<nav class=\"page__submenu\">\n            <a href=\"https:\/\/eurofitness.com\/es\/itaca-26\/\">Protegido: Itaca<\/a>\n            <a href=\"https:\/\/eurofitness.com\/es\/itaca-26\/avantatges\/\">Avantatges<\/a>\n            <a href=\"https:\/\/eurofitness.com\/es\/itaca-26\/noticies_blog\/\">Not\u00edcies\/Blog<\/a>\n            <a href=\"https:\/\/eurofitness.com\/es\/itaca-26\/formacions\/\" class=\"active\">Formacions<\/a>\n            <a href=\"https:\/\/eurofitness.com\/es\/itaca-26\/stop-violencies\/\">STOP viol\u00e8ncies<\/a>\n    <\/nav>\n\n<\/div>\n\n\n<div class=\"wp-bootstrap-blocks-container container-lg custom-block-spacing--small container-custom\">\n\t\n\n<p>Com hem mencionat en l\u2019apartat \u201cqu\u00e8 \u00e9s \u00cdtaca\u201d, volem proporcionar eines pel vostre desenvolupament professional. Per tant, intentem fer diverses formacions. De moment, ja teniu disponible el <strong>Calendari de Formaci\u00f3<\/strong> per a aquest primer semestre del 2026. Aquest calendari recull totes les sessions de formaci\u00f3 programades que es realitzaran en els propers mesos, i hi podreu accedir en qualsevol moment per consultar les dates, temes i inscripcions a trav\u00e9s d\u2019aquest document<\/p>\n\n<\/div>\n\n\n\n<p><\/p>\n","protected":false},"excerpt":{"rendered":"","protected":false},"author":2,"featured_media":46730,"parent":47540,"menu_order":4,"comment_status":"closed","ping_status":"closed","template":"","meta":{"_acf_changed":false,"footnotes":""},"class_list":["post-47557","page","type-page","status-publish","has-post-thumbnail","hentry"],"acf":[],"_links":{"self":[{"href":"https:\/\/eurofitness.com\/es\/wp-json\/wp\/v2\/pages\/47557","targetHints":{"allow":["GET"]}}],"collection":[{"href":"https:\/\/eurofitness.com\/es\/wp-json\/wp\/v2\/pages"}],"about":[{"href":"https:\/\/eurofitness.com\/es\/wp-json\/wp\/v2\/types\/page"}],"author":[{"embeddable":true,"href":"https:\/\/eurofitness.com\/es\/wp-json\/wp\/v2\/users\/2"}],"replies":[{"embeddable":true,"href":"https:\/\/eurofitness.com\/es\/wp-json\/wp\/v2\/comments?post=47557"}],"version-history":[{"count":1,"href":"https:\/\/eurofitness.com\/es\/wp-json\/wp\/v2\/pages\/47557\/revisions"}],"predecessor-version":[{"id":47558,"href":"https:\/\/eurofitness.com\/es\/wp-json\/wp\/v2\/pages\/47557\/revisions\/47558"}],"up":[{"embeddable":true,"href":"https:\/\/eurofitness.com\/es\/wp-json\/wp\/v2\/pages\/47540"}],"wp:featuredmedia":[{"embeddable":true,"href":"https:\/\/eurofitness.com\/es\/wp-json\/wp\/v2\/media\/46730"}],"wp:attachment":[{"href":"https:\/\/eurofitness.com\/es\/wp-json\/wp\/v2\/media?parent=47557"}],"curies":[{"name":"wp","href":"https:\/\/api.w.org\/{rel}","templated":true}]}}

<section class="hero-cover hero-cover-block wp-elements-6cbdce3c16c76becbc6c996938874382 has-neutral-light-color">
        <div class="hero-cover__wrapper">
            
            <div id="" class="page-cover has-thumbnail has-header-shadow banner light-theme  full-width container">
                <div class="page-cover__container align-items-end">
                                            <div class="container heading-wrapper">
                            <div class="row add-row-gap">
                                <div class="col-12 col-lg-7 col-xl-5">
                                    <div class="page-cover__heading align-">
                                        <div class="page-cover__heading-wrapper">

                                            
                                            <div class="page-cover__heading-headline">
                                                <h1 class="heading-hero">Ítaca</h1>                                                                                            </div>


                                            
                                        </div>
                                                                            </div>
                                </div>
                                                            </div>
                        </div>
                                                                                            <div class="container-fluid page-cover-thumbnail__container">
                                    <div class="parallax-trigger page-cover-thumbnail" data-magic="parallax">
        <picture class="page-cover__picture parallax-trigger__item" data-item="parallax-item">
            <img loading="lazy" decoding="async" width="733" height="476" src="https://eurofitness.com/app/uploads/2026/01/iStock-637770668-2.jpg" class="attachment-full size-full" alt="" srcset="https://eurofitness.com/app/uploads/2026/01/iStock-637770668-2.jpg 733w, https://eurofitness.com/app/uploads/2026/01/iStock-637770668-2-300x195.jpg 300w, https://eurofitness.com/app/uploads/2026/01/iStock-637770668-2-360x234.jpg 360w" sizes="auto, (max-width: 733px) 100vw, 733px" />        </picture>
    </div>
                            </div>
                                                            </div>
            </div>
        </div>
    </section>


<div class="wp-bootstrap-blocks-container container custom-block-spacing--small container-custom">
	

<nav class="page__submenu">
            <a href="https://eurofitness.com/es/itaca-26/">Protegido: Itaca</a>
            <a href="https://eurofitness.com/es/itaca-26/avantatges/">Avantatges</a>
            <a href="https://eurofitness.com/es/itaca-26/noticies_blog/">Notícies/Blog</a>
            <a href="https://eurofitness.com/es/itaca-26/formacions/" class="active">Formacions</a>
            <a href="https://eurofitness.com/es/itaca-26/stop-violencies/">STOP violències</a>
    </nav>

</div>


<div class="wp-bootstrap-blocks-container container-lg custom-block-spacing--small container-custom">
	

<p>Com hem mencionat en l’apartat “què és Ítaca”, volem proporcionar eines pel vostre desenvolupament professional. Per tant, intentem fer diverses formacions. De moment, ja teniu disponible el <strong>Calendari de Formació</strong> per a aquest primer semestre del 2026. Aquest calendari recull totes les sessions de formació programades que es realitzaran en els propers mesos, i hi podreu accedir en qualsevol moment per consultar les dates, temes i inscripcions a través d’aquest document</p>

</div>



<p></p>
